{"version":"1.0","provider_name":"Estudio fotogr\u00e1fico especializado en fotograf\u00eda infantil, maternidad, beb\u00e9s y familias en Vila Seca Tarragona | Dani Legaz Fotograf\u00eda","provider_url":"https:\/\/danilegazfotografo.com\/ca","author_name":"Mariona Legaz","author_url":"https:\/\/danilegazfotografo.com\/ca\/author\/mariona\/","title":"La Navidad 2026 ya ha llegado a La Granja Estudio - Estudio fotogr\u00e1fico especializado en fotograf\u00eda infantil, maternidad, beb\u00e9s y familias en Vila Seca Tarragona | Dani Legaz Fotograf\u00eda","type":"rich","width":600,"height":338,"html":"<blockquote class=\"wp-embedded-content\" data-secret=\"xZ2OjGzQ8J\"><a href=\"https:\/\/danilegazfotografo.com\/ca\/navidad-2026\/\">La Navidad 2026 ya ha llegado a La Granja Estudio<\/a><\/blockquote><iframe sandbox=\"allow-scripts\" security=\"restricted\" src=\"https:\/\/danilegazfotografo.com\/ca\/navidad-2026\/embed\/#?secret=xZ2OjGzQ8J\" width=\"600\" height=\"338\" title=\"&#8220;La Navidad 2026 ya ha llegado a La Granja Estudio&#8221; &#8212; Estudio fotogr\u00e1fico especializado en fotograf\u00eda infantil, maternidad, beb\u00e9s y familias en Vila Seca Tarragona | Dani Legaz Fotograf\u00eda\" data-secret=\"xZ2OjGzQ8J\" frameborder=\"0\" marginwidth=\"0\" marginheight=\"0\" scrolling=\"no\" class=\"wp-embedded-content\"><\/iframe><script type=\"text\/javascript\">\n\/* <![CDATA[ *\/\n\/*! This file is auto-generated *\/\n!function(d,l){\"use strict\";l.querySelector&&d.addEventListener&&\"undefined\"!=typeof URL&&(d.wp=d.wp||{},d.wp.receiveEmbedMessage||(d.wp.receiveEmbedMessage=function(e){var t=e.data;if((t||t.secret||t.message||t.value)&&!\/[^a-zA-Z0-9]\/.test(t.secret)){for(var s,r,n,a=l.querySelectorAll('iframe[data-secret=\"'+t.secret+'\"]'),o=l.querySelectorAll('blockquote[data-secret=\"'+t.secret+'\"]'),c=new RegExp(\"^https?:$\",\"i\"),i=0;i<o.length;i++)o[i].style.display=\"none\";for(i=0;i<a.length;i++)s=a[i],e.source===s.contentWindow&&(s.removeAttribute(\"style\"),\"height\"===t.message?(1e3<(r=parseInt(t.value,10))?r=1e3:~~r<200&&(r=200),s.height=r):\"link\"===t.message&&(r=new URL(s.getAttribute(\"src\")),n=new URL(t.value),c.test(n.protocol))&&n.host===r.host&&l.activeElement===s&&(d.top.location.href=t.value))}},d.addEventListener(\"message\",d.wp.receiveEmbedMessage,!1),l.addEventListener(\"DOMContentLoaded\",function(){for(var e,t,s=l.querySelectorAll(\"iframe.wp-embedded-content\"),r=0;r<s.length;r++)(t=(e=s[r]).getAttribute(\"data-secret\"))||(t=Math.random().toString(36).substring(2,12),e.src+=\"#?secret=\"+t,e.setAttribute(\"data-secret\",t)),e.contentWindow.postMessage({message:\"ready\",secret:t},\"*\")},!1)))}(window,document);\n\/* ]]> *\/\n<\/script>","thumbnail_url":"https:\/\/danilegazfotografo.com\/wp-content\/uploads\/2026\/09\/DAYANA_050-scaled.jpg","thumbnail_width":2560,"thumbnail_height":1707,"description":"S\u00ed, sabemos que estamos en septiembre. Todav\u00eda estamos disfrutando del verano, pero en La Granja Estudio ya estamos viviendo la Navidad. \ud83c\udf84 Llevamos meses preparando todo lo que queremos compartir este a\u00f1o y, por fin, la agenda de Navidad 2026 ya est\u00e1 abierta. Y esta vez quer\u00edamos hacer algo diferente. &nbsp; No venimos solo a [&hellip;]"}

Estudio fotográfico especializado en fotografía infantil, maternidad, bebés y familias en Vila Seca Tarragona | Dani Legaz Fotografía

La Navidad 2026 ya ha llegado a La Granja Estudio - Estudio fotográfico especializado en fotografía infantil, maternidad, bebés y familias en Vila Seca Tarragona | Dani Legaz Fotografía

<blockquote class="wp-embedded-content" data-secret="xZ2OjGzQ8J"><a href="https://danilegazfotografo.com/ca/navidad-2026/">La Navidad 2026 ya ha llegado a La Granja Estudio</a></blockquote><iframe sandbox="allow-scripts" security="restricted" src="https://danilegazfotografo.com/ca/navidad-2026/embed/#?secret=xZ2OjGzQ8J" width="600" height="338" title="&#8220;La Navidad 2026 ya ha llegado a La Granja Estudio&#8221; &#8212; Estudio fotográfico especializado en fotografía infantil, maternidad, bebés y familias en Vila Seca Tarragona | Dani Legaz Fotografía" data-secret="xZ2OjGzQ8J" frameborder="0" marginwidth="0" marginheight="0" scrolling="no" class="wp-embedded-content"></iframe><script type="text/javascript">
/* <![CDATA[ */
/*! This file is auto-generated */
!function(d,l){"use strict";l.querySelector&&d.addEventListener&&"undefined"!=typeof URL&&(d.wp=d.wp||{},d.wp.receiveEmbedMessage||(d.wp.receiveEmbedMessage=function(e){var t=e.data;if((t||t.secret||t.message||t.value)&&!/[^a-zA-Z0-9]/.test(t.secret)){for(var s,r,n,a=l.querySelectorAll('iframe[data-secret="'+t.secret+'"]'),o=l.querySelectorAll('blockquote[data-secret="'+t.secret+'"]'),c=new RegExp("^https?:$","i"),i=0;i<o.length;i++)o[i].style.display="none";for(i=0;i<a.length;i++)s=a[i],e.source===s.contentWindow&&(s.removeAttribute("style"),"height"===t.message?(1e3<(r=parseInt(t.value,10))?r=1e3:~~r<200&&(r=200),s.height=r):"link"===t.message&&(r=new URL(s.getAttribute("src")),n=new URL(t.value),c.test(n.protocol))&&n.host===r.host&&l.activeElement===s&&(d.top.location.href=t.value))}},d.addEventListener("message",d.wp.receiveEmbedMessage,!1),l.addEventListener("DOMContentLoaded",function(){for(var e,t,s=l.querySelectorAll("iframe.wp-embedded-content"),r=0;r<s.length;r++)(t=(e=s[r]).getAttribute("data-secret"))||(t=Math.random().toString(36).substring(2,12),e.src+="#?secret="+t,e.setAttribute("data-secret",t)),e.contentWindow.postMessage({message:"ready",secret:t},"*")},!1)))}(window,document);
/* ]]> */
</script>

Sí, sabemos que estamos en septiembre. Todavía estamos disfrutando del verano, pero en La Granja Estudio ya estamos viviendo la Navidad. 🎄 Llevamos meses preparando todo lo que queremos compartir este año y, por fin, la agenda de Navidad 2026 ya está abierta. Y esta vez queríamos hacer algo diferente. &nbsp; No venimos solo a [&hellip;]
